on divisor of 464 and 290?
58
What is the highest common factor of 54 and 54594?
54
Calculate the highest common factor of 750 and 60.
30
What is the highest common factor of 30 and 570?
30
Calculate the highest common divisor of 8442 and 3.
3
Calculate the highest common divisor of 132 and 492.
12
What is the highest common divisor of 20 and 3912?
4
Calculate the greatest common divisor of 243 and 54.
27
Calculate the greatest common factor of 276 and 42.
6
What is the highest common divisor of 515 and 412?
103
Calculate the highest common factor of 5064 and 60.
12
What is the greatest common factor of 150 and 246?
6
Calculate the highest common factor of 1307 and 2.
1
What is the greatest common factor of 1561 and 446?
223
What is the highest common factor of 913 and 22?
11
Calculate the highest common divisor of 188 and 6862.
94
Calculate the highest common divisor of 2197 and 13.
13
Calculate the highest common divisor of 14 and 63.
7
Calculate the greatest common factor of 91 and 65.
13
Calculate the greatest common divisor of 416 and 78.
26
Calculate the greatest common factor of 273 and 7280.
91
What is the highest common divisor of 54 and 2862?
54
Calculate the greatest common divisor of 66 and 4763.
11
Calculate the greatest common factor of 46 and 1794.
46
What is the greatest common factor of 1258 and 74?
74
Calculate the highest common divisor of 24 and 2032.
8
Calculate the highest common factor of 36 and 396.
36
What is the greatest common divisor of 26 and 2561?
13
What is the greatest common divisor of 28 and 602?
14
What is the greatest common factor of 5 and 1?
1
Calculate the highest common divisor of 238 and 350.
14
Calculate the greatest common divisor of 1343 and 1275.
17
Calculate the greatest common factor of 61 and 183.
61
What is the highest common divisor of 10361 and 26?
13
What is the greatest common factor of 40 and 210?
10
Calculate the greatest common factor of 6 and 396.
6
Calculate the highest common divisor of 867 and 663.
51
What is the greatest common factor of 13 and 4771?
13
Calculate the highest common divisor of 832 and 13.
13
Calculate the greatest common factor of 12 and 176.
4
What is the greatest common divisor of 36 and 324?
36
Calculate the highest common divisor of 408 and 17.
17
What is the highest common factor of 1016 and 8?
8
Calculate the greatest common divisor of 927 and 9.
9
What is the greatest common divisor of 12079 and 47?
47
Calculate the greatest common divisor of 640 and 130.
10
What is the greatest common divisor of 42 and 224?
14
What is the greatest common factor of 31 and 6355?
31
Calculate the greatest common factor of 24 and 32.
8
Calculate the highest common factor of 21 and 18.
3
What is the greatest common divisor of 31 and 2480?
31
Calculate the highest common divisor of 3515 and 148.
37
Calculate the highest common factor of 56 and 203.
7
What is the highest common divisor of 2745 and 90?
45
What is the greatest common divisor of 2745 and 315?
45
Calculate the highest common factor of 13 and 1807.
13
Calculate the greatest common divisor of 549 and 18.
9
Calculate the highest common divisor of 3773 and 385.
77
Calculate the highest common factor of 13 and 8840.
13
Calculate the greatest common factor of 6 and 16914.
6
Calculate the greatest common factor of 55 and 869.
11
What is the highest common factor of 58 and 2842?
58
What is the highest common factor of 8 and 3496?
8
Calculate the highest common divisor of 1 and 41.
1
What is the greatest common divisor of 3500 and 56?
28
Calculate the greatest common divisor of 54 and 2619.
27
Calculate the highest common divisor of 1176 and 1911.
147
What is the highest common divisor of 8326 and 543?
181
What is the highest common factor of 19 and 4560?
19
What is the highest common divisor of 24 and 258?
6
Calculate the highest common factor of 924 and 726.
66
What is the greatest common factor of 665 and 133?
133
Calculate the highest common factor of 770 and 209.
11
What is the greatest common factor of 526 and 4?
2
Calculate the greatest common divisor of 67 and 871.
67
What is the highest common factor of 10 and 12130?
10
Calculate the greatest common divisor of 87 and 12.
3
What is the greatest common factor of 5 and 29?
1
Calculate the highest common divisor of 254 and 3429.
127
What is the highest common factor of 1 and 71?
1
What is the greatest common factor of 12754 and 14?
14
What is the greatest common divisor of 7884 and 360?
36
What is the highest common factor of 1062 and 18?
18
What is the greatest common factor of 124 and 1023?
31
Calculate the greatest common factor of 14 and 35.
7
Calculate the greatest common factor of 20 and 40.
20
Calculate the greatest common factor of 285 and 45.
15
Calculate the greatest common divisor of 72 and 32.
8
Calculate the highest common factor of 621 and 27.
27
Calculate the greatest common divisor of 4 and 13200.
4
What is the highest common factor of 2604 and 837?
93
Calculate the greatest common divisor of 11174 and 222.
74
What is the highest common factor of 1558 and 82?
82
What is the highest common divisor of 56 and 152?
8
Calculate the greatest common divisor of 126 and 14.
14
Calculate the highest common divisor of 985 and 15.
5
Calculate the greatest common divisor of 51 and 2210.
17
Calculate the highest common factor of 85 and 272.
17
Calculate the greatest common factor of 43 and 473.
43
Calculate the greatest common factor of 1891 and 93.
31
What is the greatest common divisor of 2 and 8?
2
Calculate the greatest common divisor of 54 and 6.
6
Calculate the greatest common divisor of 12798 and 4.
2
What is the greatest common factor of 13 and 7709?
13
What is the highest common divisor of 12 and 384?
12
What is the greatest common factor of 440 and 2970?
110
What is the greatest common divisor of 510 and 150?
30
What is the greatest common divisor of 4 and 1800?
4
What is the greatest common factor of 33 and 473?
11
Calculate the greatest common divisor of 57 and 304.
19
Calculate the highest common divisor of 38 and 209.
19
What is the greatest common factor of 35 and 1?
1
What is the highest common factor of 192 and 20064?
96
What is the highest common divisor of 44 and 682?
22
What is the greatest common factor of 14 and 7966?
14
Calculate the highest common factor of 384 and 32.
32
What is the greatest common divisor of 737 and 66?
11
What is the highest common factor of 128 and 704?
64
Calculate the greatest common divisor of 210 and 882.
42
What is the greatest common divisor of 78 and 130?
26
What is the highest common divisor of 29643 and 123?
123
What is the greatest common factor of 165 and 715?
55
Calculate the highest common divisor of 27572 and 976.
244
Calculate the greatest common factor of 44 and 1782.
22
Calculate the highest common divisor of 7289 and 37.
37
What is the highest common divisor of 18 and 11538?
18
What is the highest common divisor of 152 and 1273?
19
Calculate the highest common divisor of 44 and 187.
11
Calculate the highest common divisor of 925 and 4255.
185
Calculate the highest common factor of 72 and 248.
8
What is the greatest common divisor of 146 and 1606?
146
Calculate the greatest common factor of 86575 and 25.
25
What is the highest common factor of 11598 and 2?
2
Calculate the greatest common factor of 21 and 7.
7
Calculate the greatest common divisor of 1030 and 10.
10
Calculate the greatest common factor of 21 and 777.
21
What is the greatest common divisor of 1572 and 60?
12
What is the greatest common divisor of 55 and 10?
5
What is the greatest common factor of 13164 and 12?
12
What is the highest common divisor of 2260 and 4?
4
What is the highest common factor of 3105 and 945?
135
Calculate the highest common divisor of 75 and 6.
3
What is the greatest common factor of 3283 and 49?
49
Calculate the greatest common divisor of 17038 and 42.
14
Calculate the greatest common divisor of 123 and 82.
41
What is the highest common divisor of 3484 and 1273?
67
Calculate the greatest common factor of 102 and 833.
17
What is the greatest common divisor of 8 and 13728?
8
What is the greatest common divisor of 608 and 38?
38
What is the greatest common factor of 484 and 308?
44
What is the highest common divisor of 10